{"id":100103,"date":"2020-09-29T09:20:21","date_gmt":"2020-09-29T07:20:21","guid":{"rendered":"http:\/\/latelierdesprofessionnels.com\/?post_type=product&#038;p=100103"},"modified":"2020-10-05T15:04:47","modified_gmt":"2020-10-05T13:04:47","slug":"gants-jetables-en-latex","status":"publish","type":"product","link":"https:\/\/latelierdesprofessionnels.com\/index.php\/produit\/gants-jetables-en-latex\/","title":{"rendered":"GANTS JETABLES EN LATEX"},"content":{"rendered":"<div class=\"wpb-content-wrapper\"><section class=\"vc_row wpb_row vc_row-fluid\"><div class=\"wpb_column vc_column_container col-xs-mobile-fullwidth vc_col-sm-6\"><div class=\"vc_column-inner\"><div class=\"wpb_wrapper\"><div class=\"separator-style-1 separator-style1-1\"><\/div><div class=\"text-block-content hongo-text-block-1 last-paragraph-no-margin\"><ul>\n<li><span class=\"JsGRdQ\">Mati\u00e8re : latex<\/span><\/li>\n<li><span class=\"JsGRdQ\">Nombre de pi\u00e8ces par bo\u00eete : 100<\/span><\/li>\n<li><span class=\"JsGRdQ\">Nombre de pi\u00e8ces par carton : 1000<\/span><\/li>\n<li><span class=\"JsGRdQ\">Directive 93\/42\/CEE relative aux dispositifs m\u00e9dicaux <\/span><\/li>\n<li><span class=\"JsGRdQ\">Norme : EN 455;\u00a0 EN 420 ; EN 374; ISO16523. ISO9001, EN13485<\/span><\/li>\n<\/ul>\n<\/div><\/div><\/div><\/div><div class=\"wpb_column vc_column_container col-xs-mobile-fullwidth vc_col-sm-6\"><div class=\"vc_column-inner\"><div class=\"wpb_wrapper\"><div class=\"separator-style-1 separator-style1-2\"><\/div><div class=\"text-block-content hongo-text-block-2 last-paragraph-no-margin\"><ul>\n<li><span class=\"JsGRdQ\">Pr\u00e9f\u00e9r\u00e9 par les chirurgiens<\/span><\/li>\n<li><span class=\"JsGRdQ\">Extr\u00eamement durable<\/span><\/li>\n<li><span class=\"JsGRdQ\">Excellent ajustement<\/span><\/li>\n<li><span class=\"JsGRdQ\">Confortable<\/span><\/li>\n<li><span class=\"JsGRdQ\">Sensible au toucher<\/span><\/li>\n<li><span class=\"JsGRdQ\">Protection milieu de gamme<\/span><\/li>\n<\/ul>\n<\/div><\/div><\/div><\/div><\/section>\n<\/div>","protected":false},"excerpt":{"rendered":"<p class=\"_04xlpA direction-ltr align-justify para-style-body\"><span style=\"color: #8d1315;\"><strong><span class=\"JsGRdQ\"><a style=\"color: #8d1315;\" href=\"http:\/\/latelierdesprofessionnels.com\/index.php\/contactez-nous\/\">DEMANDEZ UN DEVIS<\/a><\/span><\/strong><\/span><\/p>\n<hr \/>\n<p class=\"_04xlpA direction-ltr align-justify para-style-body\"><strong>Bo\u00eete de 50 paires<\/strong><\/p>\n<hr \/>\n<p class=\"_04xlpA direction-ltr align-justify para-style-body\"><span class=\"JsGRdQ\">Gants jetables en latex, non st\u00e9riles, non poudr\u00e9s<\/span><\/p>\n<p class=\"_04xlpA direction-ltr align-justify para-style-body\"><span class=\"JsGRdQ\">Gants jetables en latex, non st\u00e9riles, non poudr\u00e9s, \u00e0 usage unique. Agr\u00e9ables \u00e0 porter. Haute r\u00e9sistance \u00e0 la perforation et aux produits chimiques.<\/span><\/p>\n<p class=\"_04xlpA direction-ltr align-justify para-style-body\"><span class=\"JsGRdQ\">Les gants en latex sont durables et offrent plus de confort et de sensibilit\u00e9.<\/span><\/p>\n<p class=\"_04xlpA direction-ltr align-justify para-style-body\"><span class=\"JsGRdQ\">Ces gants sont disponibles en plusieurs tailles (S\/M\/L\/XL).<\/span><\/p>\n","protected":false},"featured_media":100105,"comment_status":"open","ping_status":"closed","template":"","meta":[],"product_cat":[61],"product_tag":[150],"class_list":{"0":"post-100103","1":"product","2":"type-product","3":"status-publish","4":"has-post-thumbnail","6":"product_cat-hygiene-et-sante","7":"product_tag-gants","8":"product_shipping_class-masques","10":"first","11":"instock","12":"featured","13":"taxable","14":"shipping-taxable","15":"product-type-simple"},"yoast_head":"<!-- This site is optimized with the Yoast SEO plugin v25.5 - https:\/\/yoast.com\/wordpress\/plugins\/seo\/ -->\n<title>Gants jetables en latex, jetables, non st\u00e9riles, non poudr\u00e9s<\/title>\n<meta name=\"description\" content=\"Gants jetables en latex, non st\u00e9riles, non poudr\u00e9s, \u00e0 usage unique. Haute r\u00e9sistance \u00e0 la perforation et aux produits chimiques.\" \/>\n<meta name=\"robots\" content=\"index, follow, max-snippet:-1, max-image-preview:large, max-video-preview:-1\" \/>\n<link rel=\"canonical\" href=\"https:\/\/latelierdesprofessionnels.com\/index.php\/produit\/gants-jetables-en-latex\/\" \/>\n<meta property=\"og:locale\" content=\"fr_FR\" \/>\n<meta property=\"og:type\" content=\"article\" \/>\n<meta property=\"og:title\" content=\"Gants jetables en latex, jetables, non st\u00e9riles, non poudr\u00e9s\" \/>\n<meta property=\"og:description\" content=\"Gants jetables en latex, non st\u00e9riles, non poudr\u00e9s, \u00e0 usage unique. Haute r\u00e9sistance \u00e0 la perforation et aux produits chimiques.\" \/>\n<meta property=\"og:url\" content=\"https:\/\/latelierdesprofessionnels.com\/index.php\/produit\/gants-jetables-en-latex\/\" \/>\n<meta property=\"og:site_name\" content=\"L&#039;Atelier des Professionnels\" \/>\n<meta property=\"article:publisher\" content=\"https:\/\/www.facebook.com\/latelierdesprofessionnels\" \/>\n<meta property=\"article:modified_time\" content=\"2020-10-05T13:04:47+00:00\" \/>\n<meta property=\"og:image\" content=\"https:\/\/latelierdesprofessionnels.com\/wp-content\/uploads\/2020\/09\/3-9.png\" \/>\n\t<meta property=\"og:image:width\" content=\"800\" \/>\n\t<meta property=\"og:image:height\" content=\"675\" \/>\n\t<meta property=\"og:image:type\" content=\"image\/png\" \/>\n<meta name=\"twitter:card\" content=\"summary_large_image\" \/>\n<script type=\"application\/ld+json\" class=\"yoast-schema-graph\">{\"@context\":\"https:\/\/schema.org\",\"@graph\":[{\"@type\":\"WebPage\",\"@id\":\"https:\/\/latelierdesprofessionnels.com\/index.php\/produit\/gants-jetables-en-latex\/\",\"url\":\"https:\/\/latelierdesprofessionnels.com\/index.php\/produit\/gants-jetables-en-latex\/\",\"name\":\"Gants jetables en latex, jetables, non st\u00e9riles, non poudr\u00e9s\",\"isPartOf\":{\"@id\":\"https:\/\/latelierdesprofessionnels.com\/#website\"},\"primaryImageOfPage\":{\"@id\":\"https:\/\/latelierdesprofessionnels.com\/index.php\/produit\/gants-jetables-en-latex\/#primaryimage\"},\"image\":{\"@id\":\"https:\/\/latelierdesprofessionnels.com\/index.php\/produit\/gants-jetables-en-latex\/#primaryimage\"},\"thumbnailUrl\":\"https:\/\/latelierdesprofessionnels.com\/wp-content\/uploads\/2020\/09\/3-9.png\",\"datePublished\":\"2020-09-29T07:20:21+00:00\",\"dateModified\":\"2020-10-05T13:04:47+00:00\",\"description\":\"Gants jetables en latex, non st\u00e9riles, non poudr\u00e9s, \u00e0 usage unique. Haute r\u00e9sistance \u00e0 la perforation et aux produits chimiques.\",\"breadcrumb\":{\"@id\":\"https:\/\/latelierdesprofessionnels.com\/index.php\/produit\/gants-jetables-en-latex\/#breadcrumb\"},\"inLanguage\":\"fr-FR\",\"potentialAction\":[{\"@type\":\"ReadAction\",\"target\":[\"https:\/\/latelierdesprofessionnels.com\/index.php\/produit\/gants-jetables-en-latex\/\"]}]},{\"@type\":\"ImageObject\",\"inLanguage\":\"fr-FR\",\"@id\":\"https:\/\/latelierdesprofessionnels.com\/index.php\/produit\/gants-jetables-en-latex\/#primaryimage\",\"url\":\"https:\/\/latelierdesprofessionnels.com\/wp-content\/uploads\/2020\/09\/3-9.png\",\"contentUrl\":\"https:\/\/latelierdesprofessionnels.com\/wp-content\/uploads\/2020\/09\/3-9.png\",\"width\":800,\"height\":675},{\"@type\":\"BreadcrumbList\",\"@id\":\"https:\/\/latelierdesprofessionnels.com\/index.php\/produit\/gants-jetables-en-latex\/#breadcrumb\",\"itemListElement\":[{\"@type\":\"ListItem\",\"position\":1,\"name\":\"Accueil\",\"item\":\"https:\/\/latelierdesprofessionnels.com\/\"},{\"@type\":\"ListItem\",\"position\":2,\"name\":\"Shop\",\"item\":\"https:\/\/latelierdesprofessionnels.com\/index.php\/shop\/\"},{\"@type\":\"ListItem\",\"position\":3,\"name\":\"GANTS JETABLES EN LATEX\"}]},{\"@type\":\"WebSite\",\"@id\":\"https:\/\/latelierdesprofessionnels.com\/#website\",\"url\":\"https:\/\/latelierdesprofessionnels.com\/\",\"name\":\"L&#039;Atelier des Professionnels\",\"description\":\"Des \u00e9quipements \u00e0 la hauteur de votre expertise !\",\"publisher\":{\"@id\":\"https:\/\/latelierdesprofessionnels.com\/#organization\"},\"potentialAction\":[{\"@type\":\"SearchAction\",\"target\":{\"@type\":\"EntryPoint\",\"urlTemplate\":\"https:\/\/latelierdesprofessionnels.com\/?s={search_term_string}\"},\"query-input\":{\"@type\":\"PropertyValueSpecification\",\"valueRequired\":true,\"valueName\":\"search_term_string\"}}],\"inLanguage\":\"fr-FR\"},{\"@type\":\"Organization\",\"@id\":\"https:\/\/latelierdesprofessionnels.com\/#organization\",\"name\":\"L'Atelier Des Professionnels\",\"url\":\"https:\/\/latelierdesprofessionnels.com\/\",\"logo\":{\"@type\":\"ImageObject\",\"inLanguage\":\"fr-FR\",\"@id\":\"https:\/\/latelierdesprofessionnels.com\/#\/schema\/logo\/image\/\",\"url\":\"https:\/\/latelierdesprofessionnels.com\/wp-content\/uploads\/2020\/04\/Logo-LADP.png\",\"contentUrl\":\"https:\/\/latelierdesprofessionnels.com\/wp-content\/uploads\/2020\/04\/Logo-LADP.png\",\"width\":2546,\"height\":2097,\"caption\":\"L'Atelier Des Professionnels\"},\"image\":{\"@id\":\"https:\/\/latelierdesprofessionnels.com\/#\/schema\/logo\/image\/\"},\"sameAs\":[\"https:\/\/www.facebook.com\/latelierdesprofessionnels\",\"https:\/\/www.linkedin.com\/company\/66702233\/admin\/\"]}]}<\/script>\n<!-- \/ Yoast SEO plugin. -->","yoast_head_json":{"title":"Gants jetables en latex, jetables, non st\u00e9riles, non poudr\u00e9s","description":"Gants jetables en latex, non st\u00e9riles, non poudr\u00e9s, \u00e0 usage unique. Haute r\u00e9sistance \u00e0 la perforation et aux produits chimiques.","robots":{"index":"index","follow":"follow","max-snippet":"max-snippet:-1","max-image-preview":"max-image-preview:large","max-video-preview":"max-video-preview:-1"},"canonical":"https:\/\/latelierdesprofessionnels.com\/index.php\/produit\/gants-jetables-en-latex\/","og_locale":"fr_FR","og_type":"article","og_title":"Gants jetables en latex, jetables, non st\u00e9riles, non poudr\u00e9s","og_description":"Gants jetables en latex, non st\u00e9riles, non poudr\u00e9s, \u00e0 usage unique. Haute r\u00e9sistance \u00e0 la perforation et aux produits chimiques.","og_url":"https:\/\/latelierdesprofessionnels.com\/index.php\/produit\/gants-jetables-en-latex\/","og_site_name":"L&#039;Atelier des Professionnels","article_publisher":"https:\/\/www.facebook.com\/latelierdesprofessionnels","article_modified_time":"2020-10-05T13:04:47+00:00","og_image":[{"width":800,"height":675,"url":"https:\/\/latelierdesprofessionnels.com\/wp-content\/uploads\/2020\/09\/3-9.png","type":"image\/png"}],"twitter_card":"summary_large_image","schema":{"@context":"https:\/\/schema.org","@graph":[{"@type":"WebPage","@id":"https:\/\/latelierdesprofessionnels.com\/index.php\/produit\/gants-jetables-en-latex\/","url":"https:\/\/latelierdesprofessionnels.com\/index.php\/produit\/gants-jetables-en-latex\/","name":"Gants jetables en latex, jetables, non st\u00e9riles, non poudr\u00e9s","isPartOf":{"@id":"https:\/\/latelierdesprofessionnels.com\/#website"},"primaryImageOfPage":{"@id":"https:\/\/latelierdesprofessionnels.com\/index.php\/produit\/gants-jetables-en-latex\/#primaryimage"},"image":{"@id":"https:\/\/latelierdesprofessionnels.com\/index.php\/produit\/gants-jetables-en-latex\/#primaryimage"},"thumbnailUrl":"https:\/\/latelierdesprofessionnels.com\/wp-content\/uploads\/2020\/09\/3-9.png","datePublished":"2020-09-29T07:20:21+00:00","dateModified":"2020-10-05T13:04:47+00:00","description":"Gants jetables en latex, non st\u00e9riles, non poudr\u00e9s, \u00e0 usage unique. Haute r\u00e9sistance \u00e0 la perforation et aux produits chimiques.","breadcrumb":{"@id":"https:\/\/latelierdesprofessionnels.com\/index.php\/produit\/gants-jetables-en-latex\/#breadcrumb"},"inLanguage":"fr-FR","potentialAction":[{"@type":"ReadAction","target":["https:\/\/latelierdesprofessionnels.com\/index.php\/produit\/gants-jetables-en-latex\/"]}]},{"@type":"ImageObject","inLanguage":"fr-FR","@id":"https:\/\/latelierdesprofessionnels.com\/index.php\/produit\/gants-jetables-en-latex\/#primaryimage","url":"https:\/\/latelierdesprofessionnels.com\/wp-content\/uploads\/2020\/09\/3-9.png","contentUrl":"https:\/\/latelierdesprofessionnels.com\/wp-content\/uploads\/2020\/09\/3-9.png","width":800,"height":675},{"@type":"BreadcrumbList","@id":"https:\/\/latelierdesprofessionnels.com\/index.php\/produit\/gants-jetables-en-latex\/#breadcrumb","itemListElement":[{"@type":"ListItem","position":1,"name":"Accueil","item":"https:\/\/latelierdesprofessionnels.com\/"},{"@type":"ListItem","position":2,"name":"Shop","item":"https:\/\/latelierdesprofessionnels.com\/index.php\/shop\/"},{"@type":"ListItem","position":3,"name":"GANTS JETABLES EN LATEX"}]},{"@type":"WebSite","@id":"https:\/\/latelierdesprofessionnels.com\/#website","url":"https:\/\/latelierdesprofessionnels.com\/","name":"L&#039;Atelier des Professionnels","description":"Des \u00e9quipements \u00e0 la hauteur de votre expertise !","publisher":{"@id":"https:\/\/latelierdesprofessionnels.com\/#organization"},"potentialAction":[{"@type":"SearchAction","target":{"@type":"EntryPoint","urlTemplate":"https:\/\/latelierdesprofessionnels.com\/?s={search_term_string}"},"query-input":{"@type":"PropertyValueSpecification","valueRequired":true,"valueName":"search_term_string"}}],"inLanguage":"fr-FR"},{"@type":"Organization","@id":"https:\/\/latelierdesprofessionnels.com\/#organization","name":"L'Atelier Des Professionnels","url":"https:\/\/latelierdesprofessionnels.com\/","logo":{"@type":"ImageObject","inLanguage":"fr-FR","@id":"https:\/\/latelierdesprofessionnels.com\/#\/schema\/logo\/image\/","url":"https:\/\/latelierdesprofessionnels.com\/wp-content\/uploads\/2020\/04\/Logo-LADP.png","contentUrl":"https:\/\/latelierdesprofessionnels.com\/wp-content\/uploads\/2020\/04\/Logo-LADP.png","width":2546,"height":2097,"caption":"L'Atelier Des Professionnels"},"image":{"@id":"https:\/\/latelierdesprofessionnels.com\/#\/schema\/logo\/image\/"},"sameAs":["https:\/\/www.facebook.com\/latelierdesprofessionnels","https:\/\/www.linkedin.com\/company\/66702233\/admin\/"]}]}},"_links":{"self":[{"href":"https:\/\/latelierdesprofessionnels.com\/index.php\/wp-json\/wp\/v2\/product\/100103","targetHints":{"allow":["GET"]}}],"collection":[{"href":"https:\/\/latelierdesprofessionnels.com\/index.php\/wp-json\/wp\/v2\/product"}],"about":[{"href":"https:\/\/latelierdesprofessionnels.com\/index.php\/wp-json\/wp\/v2\/types\/product"}],"replies":[{"embeddable":true,"href":"https:\/\/latelierdesprofessionnels.com\/index.php\/wp-json\/wp\/v2\/comments?post=100103"}],"wp:featuredmedia":[{"embeddable":true,"href":"https:\/\/latelierdesprofessionnels.com\/index.php\/wp-json\/wp\/v2\/media\/100105"}],"wp:attachment":[{"href":"https:\/\/latelierdesprofessionnels.com\/index.php\/wp-json\/wp\/v2\/media?parent=100103"}],"wp:term":[{"taxonomy":"product_cat","embeddable":true,"href":"https:\/\/latelierdesprofessionnels.com\/index.php\/wp-json\/wp\/v2\/product_cat?post=100103"},{"taxonomy":"product_tag","embeddable":true,"href":"https:\/\/latelierdesprofessionnels.com\/index.php\/wp-json\/wp\/v2\/product_tag?post=100103"}],"curies":[{"name":"wp","href":"https:\/\/api.w.org\/{rel}","templated":true}]}}